{"id":1157,"date":"2026-04-28T10:17:17","date_gmt":"2026-04-28T10:17:17","guid":{"rendered":"https:\/\/lastenkamari.fi\/?post_type=product&#038;p=1157"},"modified":"2026-04-28T10:17:19","modified_gmt":"2026-04-28T10:17:19","slug":"heavy-rib-paita-mystery-74-80","status":"publish","type":"product","link":"https:\/\/lastenkamari.fi\/?product=heavy-rib-paita-mystery-74-80","title":{"rendered":"Heavy Rib -Paita | Mystery &#8211; 74\/80"},"content":{"rendered":"<p>Metsola kutsuu seikkailuun True Campers -malliston mukana \ud83d\udda4 Luonnonrauhasta ja retkitunnelmasta inspiroitunut kokoelma hurmaa uusilla vaatemalleilla, laadukkailla materiaaleilla ja kauden s\u00e4vyjen runsaudella. T\u00e4m\u00e4 mallisto tuo iloa arkeen ja l\u00e4mp\u00f6\u00e4 viileisiin hetkiin.<br \/>\nSyv\u00e4n petroolinsininen Mystery hurmaa rauhallisella intensiteetill\u00e4\u00e4n \u2013 s\u00e4vy, joka toimii t\u00e4ydellisesti niin arjessa kuin juhlassa. Heavy Rib -paita on valmistettu paksummasta, joustavasta rib-kankaasta, joka istuu kauniisti ja tuntuu pehme\u00e4lt\u00e4 ihoa vasten.<br \/>\nPaita on mitoitukseltaan mukava ja helppok\u00e4ytt\u00f6inen \u2013 se liikkuu lapsen mukana leikeiss\u00e4 ja arjen touhuissa. Laadukas luomupuuvillasekoite, johon on lis\u00e4tty kierr\u00e4tyskuitua, tekee paidasta sek\u00e4 kest\u00e4v\u00e4n ett\u00e4 vastuullisen valinnan. Rib-materiaali mukautuu k\u00e4yt\u00f6ss\u00e4, mutta palautuu napakaksi pesun j\u00e4lkeen, s\u00e4ilytt\u00e4en hyv\u00e4n istuvuuden pitk\u00e4\u00e4n.<br \/>\nMystery-s\u00e4vyinen rib-paita on helppo yhdist\u00e4\u00e4 niin kuosillisiin alaosiin kuin yksiv\u00e4risiin legginsseihin tai housuihin. T\u00e4ydellinen lis\u00e4 lapsen monik\u00e4ytt\u00f6iseen vaatekaappiin.<br \/>\nMik\u00e4li et ole varma oikeasta koosta, suosittelemme katsomaan apua kokotaulukosta.<\/p>\n","protected":false},"excerpt":{"rendered":"<p>Metsola kutsuu seikkailuun True Campers -malliston mukana \ud83d\udda4 Luonnonrauhasta ja retkitunnelmasta inspiroitunut kokoelma hurmaa uusilla vaatemalleilla, laadukkailla materiaaleilla ja kauden s\u00e4vyjen runsaudella. T\u00e4m\u00e4 mallisto tuo iloa arkeen ja l\u00e4mp\u00f6\u00e4 viileisiin hetkiin. Syv\u00e4n petroolinsininen Mystery hurmaa rauhallisella intensiteetill\u00e4\u00e4n \u2013 s\u00e4vy, joka toimii t\u00e4ydellisesti niin arjessa kuin juhlassa. Heavy Rib -paita on [&hellip;]<\/p>\n","protected":false},"featured_media":1158,"comment_status":"open","ping_status":"closed","template":"","meta":[],"product_brand":[34],"product_cat":[40],"product_tag":[26],"class_list":{"0":"post-1157","1":"product","2":"type-product","3":"status-publish","4":"has-post-thumbnail","6":"product_brand-true-campers","7":"product_cat-lastenvaatteet","8":"product_tag-metsola","10":"first","11":"instock","12":"shipping-taxable","13":"product-type-external"},"_links":{"self":[{"href":"https:\/\/lastenkamari.fi\/index.php?rest_route=\/wp\/v2\/product\/1157","targetHints":{"allow":["GET"]}}],"collection":[{"href":"https:\/\/lastenkamari.fi\/index.php?rest_route=\/wp\/v2\/product"}],"about":[{"href":"https:\/\/lastenkamari.fi\/index.php?rest_route=\/wp\/v2\/types\/product"}],"replies":[{"embeddable":true,"href":"https:\/\/lastenkamari.fi\/index.php?rest_route=%2Fwp%2Fv2%2Fcomments&post=1157"}],"wp:featuredmedia":[{"embeddable":true,"href":"https:\/\/lastenkamari.fi\/index.php?rest_route=\/wp\/v2\/media\/1158"}],"wp:attachment":[{"href":"https:\/\/lastenkamari.fi\/index.php?rest_route=%2Fwp%2Fv2%2Fmedia&parent=1157"}],"wp:term":[{"taxonomy":"product_brand","embeddable":true,"href":"https:\/\/lastenkamari.fi\/index.php?rest_route=%2Fwp%2Fv2%2Fproduct_brand&post=1157"},{"taxonomy":"product_cat","embeddable":true,"href":"https:\/\/lastenkamari.fi\/index.php?rest_route=%2Fwp%2Fv2%2Fproduct_cat&post=1157"},{"taxonomy":"product_tag","embeddable":true,"href":"https:\/\/lastenkamari.fi\/index.php?rest_route=%2Fwp%2Fv2%2Fproduct_tag&post=1157"}],"curies":[{"name":"wp","href":"https:\/\/api.w.org\/{rel}","templated":true}]}}