{"id":121,"date":"2026-04-28T10:11:32","date_gmt":"2026-04-28T10:11:32","guid":{"rendered":"https:\/\/lastenkamari.fi\/?post_type=product&#038;p=121"},"modified":"2026-04-28T10:11:33","modified_gmt":"2026-04-28T10:11:33","slug":"alley-puff-sleeve-midi-dress-mekko-lily-xs","status":"publish","type":"product","link":"https:\/\/lastenkamari.fi\/?product=alley-puff-sleeve-midi-dress-mekko-lily-xs","title":{"rendered":"Alley Puff Sleeve Midi Dress -Mekko | Lily &#8211; XS"},"content":{"rendered":"<p>My Happy Place -mallisto syntyi onnellisuuden tunteesta \u2013 hetkist\u00e4, jolloin kes\u00e4 tuntuu jo iholla, ilma v\u00e4reilee l\u00e4mp\u00f6n\u00e4 ja v\u00e4rit hehkuvat ymp\u00e4rill\u00e4. T\u00e4m\u00e4 mallisto kutsuu sinut unelmiesi paikkaan, jossa vain taivas on rajana. Alley on vesiv\u00e4rein maalattu aaltoileva raita, joka hurmaa graafisten kuosien yst\u00e4v\u00e4t \u2764\ufe0e<br \/>\nT\u00e4ss\u00e4 lyhythihaisessa midimekossa on hauskat puhvihihat ja leikkaus, joka tekee istuvuudesta rennon. T\u00e4m\u00e4 viskoosista valmistettu midimittainen mekko sis\u00e4lt\u00e4\u00e4 my\u00f6s polyamidia, mik\u00e4 v\u00e4hent\u00e4\u00e4 merkitt\u00e4v\u00e4sti kutistumista ja tekee materiaalista vahvemman. T\u00e4ss\u00e4 viskoosimekossa on my\u00f6s k\u00e4tev\u00e4t taskut.<br \/>\nKuosin kohdistus on jokaisessa tuotteessa yksil\u00f6llinen. Mik\u00e4li et ole varma oikeasta koosta, suosittelemme katsomaan apua kokotaulukosta.<\/p>\n","protected":false},"excerpt":{"rendered":"<p>My Happy Place -mallisto syntyi onnellisuuden tunteesta \u2013 hetkist\u00e4, jolloin kes\u00e4 tuntuu jo iholla, ilma v\u00e4reilee l\u00e4mp\u00f6n\u00e4 ja v\u00e4rit hehkuvat ymp\u00e4rill\u00e4. T\u00e4m\u00e4 mallisto kutsuu sinut unelmiesi paikkaan, jossa vain taivas on rajana. Alley on vesiv\u00e4rein maalattu aaltoileva raita, joka hurmaa graafisten kuosien yst\u00e4v\u00e4t \u2764\ufe0e T\u00e4ss\u00e4 lyhythihaisessa midimekossa on hauskat puhvihihat [&hellip;]<\/p>\n","protected":false},"featured_media":122,"comment_status":"open","ping_status":"closed","template":"","meta":[],"product_brand":[27],"product_cat":[25],"product_tag":[26],"class_list":{"0":"post-121","1":"product","2":"type-product","3":"status-publish","4":"has-post-thumbnail","6":"product_brand-my-happy-place-women","7":"product_cat-aikuisten-vaatteet","8":"product_tag-metsola","10":"first","11":"instock","12":"shipping-taxable","13":"product-type-external"},"_links":{"self":[{"href":"https:\/\/lastenkamari.fi\/index.php?rest_route=\/wp\/v2\/product\/121","targetHints":{"allow":["GET"]}}],"collection":[{"href":"https:\/\/lastenkamari.fi\/index.php?rest_route=\/wp\/v2\/product"}],"about":[{"href":"https:\/\/lastenkamari.fi\/index.php?rest_route=\/wp\/v2\/types\/product"}],"replies":[{"embeddable":true,"href":"https:\/\/lastenkamari.fi\/index.php?rest_route=%2Fwp%2Fv2%2Fcomments&post=121"}],"wp:featuredmedia":[{"embeddable":true,"href":"https:\/\/lastenkamari.fi\/index.php?rest_route=\/wp\/v2\/media\/122"}],"wp:attachment":[{"href":"https:\/\/lastenkamari.fi\/index.php?rest_route=%2Fwp%2Fv2%2Fmedia&parent=121"}],"wp:term":[{"taxonomy":"product_brand","embeddable":true,"href":"https:\/\/lastenkamari.fi\/index.php?rest_route=%2Fwp%2Fv2%2Fproduct_brand&post=121"},{"taxonomy":"product_cat","embeddable":true,"href":"https:\/\/lastenkamari.fi\/index.php?rest_route=%2Fwp%2Fv2%2Fproduct_cat&post=121"},{"taxonomy":"product_tag","embeddable":true,"href":"https:\/\/lastenkamari.fi\/index.php?rest_route=%2Fwp%2Fv2%2Fproduct_tag&post=121"}],"curies":[{"name":"wp","href":"https:\/\/api.w.org\/{rel}","templated":true}]}}