{"id":1269,"date":"2026-04-28T10:17:52","date_gmt":"2026-04-28T10:17:52","guid":{"rendered":"https:\/\/lastenkamari.fi\/?post_type=product&#038;p=1269"},"modified":"2026-04-28T10:17:53","modified_gmt":"2026-04-28T10:17:53","slug":"leopard-paita-milky-74-80","status":"publish","type":"product","link":"https:\/\/lastenkamari.fi\/?product=leopard-paita-milky-74-80","title":{"rendered":"Leopard -Paita | Milky &#8211; 74\/80"},"content":{"rendered":"<p>Leopard on Henna Adelin suunnittelema n\u00e4ytt\u00e4v\u00e4 uutuuskuosi, jossa utelias leopardi astuu esiin kahdessa v\u00e4rityksess\u00e4 rauhallisella Milky-pohjalla ja s\u00e4h\u00e4k\u00e4ss\u00e4 Electric-sinisess\u00e4.\u00a0 Circus of my life -mallisto on ylistys arjen ainutlaatuisuudelle, naurulle, kaaokselle ja niille pienille hetkille, jotka tekev\u00e4t lapsiperheen el\u00e4m\u00e4st\u00e4 juuri niin ihanan v\u00e4rik\u00e4st\u00e4 ja vauhdikasta. \ud83e\udd0d<br \/>\nPaita on valmistettu pehme\u00e4st\u00e4 luomupuuvillatrikoosta, joka joustaa mukavasti ja tuntuu miellytt\u00e4v\u00e4lt\u00e4 lapsen ihoa vasten. Klassinen malli ja laadukas materiaali tekev\u00e4t t\u00e4st\u00e4 arjen luottovaatekappaleen, joka kest\u00e4\u00e4 k\u00e4ytt\u00f6\u00e4 ja pesua &#8211; p\u00e4iv\u00e4st\u00e4 toiseen.<br \/>\nKuosin kohdistus on jokaisessa tuotteessa yksil\u00f6llinen. Mik\u00e4li et ole varma oikeasta koosta, suosittelemme katsomaan apua kokotaulukosta.<\/p>\n","protected":false},"excerpt":{"rendered":"<p>Leopard on Henna Adelin suunnittelema n\u00e4ytt\u00e4v\u00e4 uutuuskuosi, jossa utelias leopardi astuu esiin kahdessa v\u00e4rityksess\u00e4 rauhallisella Milky-pohjalla ja s\u00e4h\u00e4k\u00e4ss\u00e4 Electric-sinisess\u00e4.\u00a0 Circus of my life -mallisto on ylistys arjen ainutlaatuisuudelle, naurulle, kaaokselle ja niille pienille hetkille, jotka tekev\u00e4t lapsiperheen el\u00e4m\u00e4st\u00e4 juuri niin ihanan v\u00e4rik\u00e4st\u00e4 ja vauhdikasta. \ud83e\udd0d Paita on valmistettu pehme\u00e4st\u00e4 luomupuuvillatrikoosta, [&hellip;]<\/p>\n","protected":false},"featured_media":1270,"comment_status":"open","ping_status":"closed","template":"","meta":[],"product_brand":[51],"product_cat":[40],"product_tag":[26],"class_list":{"0":"post-1269","1":"product","2":"type-product","3":"status-publish","4":"has-post-thumbnail","6":"product_brand-circus-of-my-life","7":"product_cat-lastenvaatteet","8":"product_tag-metsola","10":"first","11":"instock","12":"shipping-taxable","13":"product-type-external"},"_links":{"self":[{"href":"https:\/\/lastenkamari.fi\/index.php?rest_route=\/wp\/v2\/product\/1269","targetHints":{"allow":["GET"]}}],"collection":[{"href":"https:\/\/lastenkamari.fi\/index.php?rest_route=\/wp\/v2\/product"}],"about":[{"href":"https:\/\/lastenkamari.fi\/index.php?rest_route=\/wp\/v2\/types\/product"}],"replies":[{"embeddable":true,"href":"https:\/\/lastenkamari.fi\/index.php?rest_route=%2Fwp%2Fv2%2Fcomments&post=1269"}],"wp:featuredmedia":[{"embeddable":true,"href":"https:\/\/lastenkamari.fi\/index.php?rest_route=\/wp\/v2\/media\/1270"}],"wp:attachment":[{"href":"https:\/\/lastenkamari.fi\/index.php?rest_route=%2Fwp%2Fv2%2Fmedia&parent=1269"}],"wp:term":[{"taxonomy":"product_brand","embeddable":true,"href":"https:\/\/lastenkamari.fi\/index.php?rest_route=%2Fwp%2Fv2%2Fproduct_brand&post=1269"},{"taxonomy":"product_cat","embeddable":true,"href":"https:\/\/lastenkamari.fi\/index.php?rest_route=%2Fwp%2Fv2%2Fproduct_cat&post=1269"},{"taxonomy":"product_tag","embeddable":true,"href":"https:\/\/lastenkamari.fi\/index.php?rest_route=%2Fwp%2Fv2%2Fproduct_tag&post=1269"}],"curies":[{"name":"wp","href":"https:\/\/api.w.org\/{rel}","templated":true}]}}