{"id":1297,"date":"2026-04-28T10:18:03","date_gmt":"2026-04-28T10:18:03","guid":{"rendered":"https:\/\/lastenkamari.fi\/?post_type=product&#038;p=1297"},"modified":"2026-04-28T10:18:03","modified_gmt":"2026-04-28T10:18:03","slug":"bunny-soft-green-paita-74-80","status":"publish","type":"product","link":"https:\/\/lastenkamari.fi\/?product=bunny-soft-green-paita-74-80","title":{"rendered":"Bunny Soft Green -Paita &#8211; 74\/80"},"content":{"rendered":"<p>Bunny Soft Green -paita on osa hurmaavaa Little Spring Bunnies -mallistoa, jossa n\u00e4hd\u00e4\u00e4n Henna Adelin rakastetut, k\u00e4sin maalaamat pupuhahmot. Raikas ja hillitty Soft Green -s\u00e4vy tuo kuosiin keveytt\u00e4 ja tekee paidasta t\u00e4ydellisen valinnan kev\u00e4\u00e4n pukeutumiseen.<br \/>\nPitk\u00e4hihainen paita on valmistettu pehme\u00e4st\u00e4 ja joustavasta luomupuuvillaisesta trikookankaasta, joka tuntuu miellytt\u00e4v\u00e4lt\u00e4 ihoa vasten ja mukautuu lapsen liikkeisiin. N\u00e4ytt\u00e4v\u00e4 pupukuosi tekee paidasta persoonallisen, mutta helposti yhdistelt\u00e4v\u00e4n my\u00f6s yksiv\u00e4risiin tuotteisiin.<br \/>\nAjaton ja mukava malli tekee paidasta luottovaatteen niin arkeen, leikkiin kuin kev\u00e4\u00e4n juhlahetkiin.<br \/>\nKuosin kohdistus on jokaisessa tuotteessa yksil\u00f6llinen. Mik\u00e4li et ole varma oikeasta koosta, suosittelemme katsomaan apua kokotaulukosta.<\/p>\n","protected":false},"excerpt":{"rendered":"<p>Bunny Soft Green -paita on osa hurmaavaa Little Spring Bunnies -mallistoa, jossa n\u00e4hd\u00e4\u00e4n Henna Adelin rakastetut, k\u00e4sin maalaamat pupuhahmot. Raikas ja hillitty Soft Green -s\u00e4vy tuo kuosiin keveytt\u00e4 ja tekee paidasta t\u00e4ydellisen valinnan kev\u00e4\u00e4n pukeutumiseen. Pitk\u00e4hihainen paita on valmistettu pehme\u00e4st\u00e4 ja joustavasta luomupuuvillaisesta trikookankaasta, joka tuntuu miellytt\u00e4v\u00e4lt\u00e4 ihoa vasten ja [&hellip;]<\/p>\n","protected":false},"featured_media":1298,"comment_status":"open","ping_status":"closed","template":"","meta":[],"product_brand":[52],"product_cat":[40],"product_tag":[26],"class_list":{"0":"post-1297","1":"product","2":"type-product","3":"status-publish","4":"has-post-thumbnail","6":"product_brand-little-spring-bunnies","7":"product_cat-lastenvaatteet","8":"product_tag-metsola","10":"first","11":"instock","12":"shipping-taxable","13":"product-type-external"},"_links":{"self":[{"href":"https:\/\/lastenkamari.fi\/index.php?rest_route=\/wp\/v2\/product\/1297","targetHints":{"allow":["GET"]}}],"collection":[{"href":"https:\/\/lastenkamari.fi\/index.php?rest_route=\/wp\/v2\/product"}],"about":[{"href":"https:\/\/lastenkamari.fi\/index.php?rest_route=\/wp\/v2\/types\/product"}],"replies":[{"embeddable":true,"href":"https:\/\/lastenkamari.fi\/index.php?rest_route=%2Fwp%2Fv2%2Fcomments&post=1297"}],"wp:featuredmedia":[{"embeddable":true,"href":"https:\/\/lastenkamari.fi\/index.php?rest_route=\/wp\/v2\/media\/1298"}],"wp:attachment":[{"href":"https:\/\/lastenkamari.fi\/index.php?rest_route=%2Fwp%2Fv2%2Fmedia&parent=1297"}],"wp:term":[{"taxonomy":"product_brand","embeddable":true,"href":"https:\/\/lastenkamari.fi\/index.php?rest_route=%2Fwp%2Fv2%2Fproduct_brand&post=1297"},{"taxonomy":"product_cat","embeddable":true,"href":"https:\/\/lastenkamari.fi\/index.php?rest_route=%2Fwp%2Fv2%2Fproduct_cat&post=1297"},{"taxonomy":"product_tag","embeddable":true,"href":"https:\/\/lastenkamari.fi\/index.php?rest_route=%2Fwp%2Fv2%2Fproduct_tag&post=1297"}],"curies":[{"name":"wp","href":"https:\/\/api.w.org\/{rel}","templated":true}]}}