{"id":141,"date":"2026-04-28T10:11:39","date_gmt":"2026-04-28T10:11:39","guid":{"rendered":"https:\/\/lastenkamari.fi\/?post_type=product&#038;p=141"},"modified":"2026-04-28T10:11:39","modified_gmt":"2026-04-28T10:11:39","slug":"sunset-puff-sleeve-midi-dress-mekko-xs","status":"publish","type":"product","link":"https:\/\/lastenkamari.fi\/?product=sunset-puff-sleeve-midi-dress-mekko-xs","title":{"rendered":"Sunset Puff Sleeve Midi Dress -Mekko &#8211; XS"},"content":{"rendered":"<p>Sunset Puff Sleeve Midi Dress -Mekko on katseenvangitsija, jossa yhdistyv\u00e4t naisellinen muoto, taiteellinen kuosi ja huoleton mukavuus. Mekko on valmistettu kevyest\u00e4 viskoosista, joka laskeutuu kauniisti ja antaa tilaa liikkeelle. Puolipitk\u00e4t puhvihihat tuovat ilmeeseen volyymia, ja midi mitta tekee mekosta sopivan niin arkeen kuin juhlaan.<br \/>\nSivutaskut tuovat asuun k\u00e4yt\u00e4nn\u00f6llisyytt\u00e4 ilman kompromisseja tyylist\u00e4. Sunset-kuosin pastellimaalaus luo herk\u00e4n ja vivahteikkaan tunnelman &#8211; juuri sit\u00e4, mit\u00e4 More Love -mallisto haluaa v\u00e4litt\u00e4\u00e4.<br \/>\nKuosin kohdistus on jokaisessa tuotteessa yksil\u00f6llinen. Mik\u00e4li et ole varma oikeasta koosta, suosittelemme katsomaan apua kokotaulukosta.<\/p>\n","protected":false},"excerpt":{"rendered":"<p>Sunset Puff Sleeve Midi Dress -Mekko on katseenvangitsija, jossa yhdistyv\u00e4t naisellinen muoto, taiteellinen kuosi ja huoleton mukavuus. Mekko on valmistettu kevyest\u00e4 viskoosista, joka laskeutuu kauniisti ja antaa tilaa liikkeelle. Puolipitk\u00e4t puhvihihat tuovat ilmeeseen volyymia, ja midi mitta tekee mekosta sopivan niin arkeen kuin juhlaan. Sivutaskut tuovat asuun k\u00e4yt\u00e4nn\u00f6llisyytt\u00e4 ilman kompromisseja [&hellip;]<\/p>\n","protected":false},"featured_media":142,"comment_status":"open","ping_status":"closed","template":"","meta":[],"product_brand":[29],"product_cat":[25],"product_tag":[26],"class_list":{"0":"post-141","1":"product","2":"type-product","3":"status-publish","4":"has-post-thumbnail","6":"product_brand-more-love","7":"product_cat-aikuisten-vaatteet","8":"product_tag-metsola","10":"first","11":"instock","12":"shipping-taxable","13":"product-type-external"},"_links":{"self":[{"href":"https:\/\/lastenkamari.fi\/index.php?rest_route=\/wp\/v2\/product\/141","targetHints":{"allow":["GET"]}}],"collection":[{"href":"https:\/\/lastenkamari.fi\/index.php?rest_route=\/wp\/v2\/product"}],"about":[{"href":"https:\/\/lastenkamari.fi\/index.php?rest_route=\/wp\/v2\/types\/product"}],"replies":[{"embeddable":true,"href":"https:\/\/lastenkamari.fi\/index.php?rest_route=%2Fwp%2Fv2%2Fcomments&post=141"}],"wp:featuredmedia":[{"embeddable":true,"href":"https:\/\/lastenkamari.fi\/index.php?rest_route=\/wp\/v2\/media\/142"}],"wp:attachment":[{"href":"https:\/\/lastenkamari.fi\/index.php?rest_route=%2Fwp%2Fv2%2Fmedia&parent=141"}],"wp:term":[{"taxonomy":"product_brand","embeddable":true,"href":"https:\/\/lastenkamari.fi\/index.php?rest_route=%2Fwp%2Fv2%2Fproduct_brand&post=141"},{"taxonomy":"product_cat","embeddable":true,"href":"https:\/\/lastenkamari.fi\/index.php?rest_route=%2Fwp%2Fv2%2Fproduct_cat&post=141"},{"taxonomy":"product_tag","embeddable":true,"href":"https:\/\/lastenkamari.fi\/index.php?rest_route=%2Fwp%2Fv2%2Fproduct_tag&post=141"}],"curies":[{"name":"wp","href":"https:\/\/api.w.org\/{rel}","templated":true}]}}