{"id":1411,"date":"2026-04-28T10:18:43","date_gmt":"2026-04-28T10:18:43","guid":{"rendered":"https:\/\/lastenkamari.fi\/?post_type=product&#038;p=1411"},"modified":"2026-04-28T10:18:44","modified_gmt":"2026-04-28T10:18:44","slug":"whispers-yomekko-vanilla-74-80","status":"publish","type":"product","link":"https:\/\/lastenkamari.fi\/?product=whispers-yomekko-vanilla-74-80","title":{"rendered":"Whispers -Y\u00f6mekko | Vanilla &#8211; 74\/80"},"content":{"rendered":"<p>Whispers -Y\u00f6mekko on kuin pieni unelma puettavaksi. T\u00e4ss\u00e4 pitk\u00e4hihaisessa lasten y\u00f6mekossa yhdistyv\u00e4t herkk\u00e4 kukkakuosi ja pehme\u00e4 luomupuuvilla &#8211; t\u00e4ydellinen yhdistelm\u00e4 levollisiin iltoihin ja rauhallisiin \u00f6ihin. Y\u00f6mekko on osa \u00a0tunnelmallista Under the Same Moon -mallistoa, jossa jokainen yksityiskohta huokuu kauneutta ja l\u00e4mp\u00f6\u00e4.<br \/>\nHenna Adelin suunnittelema Whispers-kuosi vieh\u00e4tt\u00e4\u00e4 yksityiskohtaisuudellaan ja kermans\u00e4vyisell\u00e4 pohjallaan. Pitk\u00e4t hihat tuovat lis\u00e4l\u00e4mp\u00f6\u00e4 viileisiin \u00f6ihin, ja v\u00e4lj\u00e4hk\u00f6 malli takaa mukavan liikkumavapauden. T\u00e4m\u00e4 y\u00f6mekko on t\u00e4ydellinen valinta pienelle kukkafanille &#8211; arjen satuihin ja joulun juhlahetkiin.<\/p>\n","protected":false},"excerpt":{"rendered":"<p>Whispers -Y\u00f6mekko on kuin pieni unelma puettavaksi. T\u00e4ss\u00e4 pitk\u00e4hihaisessa lasten y\u00f6mekossa yhdistyv\u00e4t herkk\u00e4 kukkakuosi ja pehme\u00e4 luomupuuvilla &#8211; t\u00e4ydellinen yhdistelm\u00e4 levollisiin iltoihin ja rauhallisiin \u00f6ihin. Y\u00f6mekko on osa \u00a0tunnelmallista Under the Same Moon -mallistoa, jossa jokainen yksityiskohta huokuu kauneutta ja l\u00e4mp\u00f6\u00e4. Henna Adelin suunnittelema Whispers-kuosi vieh\u00e4tt\u00e4\u00e4 yksityiskohtaisuudellaan ja kermans\u00e4vyisell\u00e4 pohjallaan. [&hellip;]<\/p>\n","protected":false},"featured_media":1412,"comment_status":"open","ping_status":"closed","template":"","meta":[],"product_brand":[60],"product_cat":[40],"product_tag":[26],"class_list":{"0":"post-1411","1":"product","2":"type-product","3":"status-publish","4":"has-post-thumbnail","6":"product_brand-under-the-same-moon-home","7":"product_cat-lastenvaatteet","8":"product_tag-metsola","10":"first","11":"instock","12":"shipping-taxable","13":"product-type-external"},"_links":{"self":[{"href":"https:\/\/lastenkamari.fi\/index.php?rest_route=\/wp\/v2\/product\/1411","targetHints":{"allow":["GET"]}}],"collection":[{"href":"https:\/\/lastenkamari.fi\/index.php?rest_route=\/wp\/v2\/product"}],"about":[{"href":"https:\/\/lastenkamari.fi\/index.php?rest_route=\/wp\/v2\/types\/product"}],"replies":[{"embeddable":true,"href":"https:\/\/lastenkamari.fi\/index.php?rest_route=%2Fwp%2Fv2%2Fcomments&post=1411"}],"wp:featuredmedia":[{"embeddable":true,"href":"https:\/\/lastenkamari.fi\/index.php?rest_route=\/wp\/v2\/media\/1412"}],"wp:attachment":[{"href":"https:\/\/lastenkamari.fi\/index.php?rest_route=%2Fwp%2Fv2%2Fmedia&parent=1411"}],"wp:term":[{"taxonomy":"product_brand","embeddable":true,"href":"https:\/\/lastenkamari.fi\/index.php?rest_route=%2Fwp%2Fv2%2Fproduct_brand&post=1411"},{"taxonomy":"product_cat","embeddable":true,"href":"https:\/\/lastenkamari.fi\/index.php?rest_route=%2Fwp%2Fv2%2Fproduct_cat&post=1411"},{"taxonomy":"product_tag","embeddable":true,"href":"https:\/\/lastenkamari.fi\/index.php?rest_route=%2Fwp%2Fv2%2Fproduct_tag&post=1411"}],"curies":[{"name":"wp","href":"https:\/\/api.w.org\/{rel}","templated":true}]}}