{"id":155,"date":"2026-04-28T10:11:43","date_gmt":"2026-04-28T10:11:43","guid":{"rendered":"https:\/\/lastenkamari.fi\/?post_type=product&#038;p=155"},"modified":"2026-04-28T10:11:43","modified_gmt":"2026-04-28T10:11:43","slug":"miracles-ruffle-sweater-dress-mekko-spring-xs","status":"publish","type":"product","link":"https:\/\/lastenkamari.fi\/?product=miracles-ruffle-sweater-dress-mekko-spring-xs","title":{"rendered":"Miracles Ruffle Sweater Dress -Mekko |  Spring &#8211; XS"},"content":{"rendered":"<p>Miracles Ruffle Sweater Dress -collegemekko v\u00e4riss\u00e4 Spring yhdist\u00e4\u00e4 rennon mukavuuden ja naiselliset yksityiskohdat. Pehme\u00e4 materiaali ja kauniit r\u00f6yhel\u00f6t tuovat mekkoon keveytt\u00e4 ja liikett\u00e4.<br \/>\nOsa C\u2019est la vie! -mallistoa, t\u00e4m\u00e4 mekko toimii t\u00e4ydellisesti arjen luottovaatteena. Sivusaumojen taskut tekev\u00e4t siit\u00e4 k\u00e4yt\u00e4nn\u00f6llisen ja helppok\u00e4ytt\u00f6isen.<br \/>\nT\u00e4ydellinen valinta huolettomaan, mutta huoliteltuun tyyliin.<br \/>\nKuosin kohdistus on jokaisessa tuotteessa yksil\u00f6llinen. Mik\u00e4li et ole varma oikeasta koosta, suosittelemme katsomaan apua kokotaulukosta.<\/p>\n","protected":false},"excerpt":{"rendered":"<p>Miracles Ruffle Sweater Dress -collegemekko v\u00e4riss\u00e4 Spring yhdist\u00e4\u00e4 rennon mukavuuden ja naiselliset yksityiskohdat. Pehme\u00e4 materiaali ja kauniit r\u00f6yhel\u00f6t tuovat mekkoon keveytt\u00e4 ja liikett\u00e4. Osa C\u2019est la vie! -mallistoa, t\u00e4m\u00e4 mekko toimii t\u00e4ydellisesti arjen luottovaatteena. Sivusaumojen taskut tekev\u00e4t siit\u00e4 k\u00e4yt\u00e4nn\u00f6llisen ja helppok\u00e4ytt\u00f6isen. T\u00e4ydellinen valinta huolettomaan, mutta huoliteltuun tyyliin. Kuosin kohdistus on [&hellip;]<\/p>\n","protected":false},"featured_media":156,"comment_status":"open","ping_status":"closed","template":"","meta":[],"product_brand":[30],"product_cat":[25],"product_tag":[26],"class_list":{"0":"post-155","1":"product","2":"type-product","3":"status-publish","4":"has-post-thumbnail","6":"product_brand-cest-la-vie","7":"product_cat-aikuisten-vaatteet","8":"product_tag-metsola","10":"first","11":"instock","12":"shipping-taxable","13":"product-type-external"},"_links":{"self":[{"href":"https:\/\/lastenkamari.fi\/index.php?rest_route=\/wp\/v2\/product\/155","targetHints":{"allow":["GET"]}}],"collection":[{"href":"https:\/\/lastenkamari.fi\/index.php?rest_route=\/wp\/v2\/product"}],"about":[{"href":"https:\/\/lastenkamari.fi\/index.php?rest_route=\/wp\/v2\/types\/product"}],"replies":[{"embeddable":true,"href":"https:\/\/lastenkamari.fi\/index.php?rest_route=%2Fwp%2Fv2%2Fcomments&post=155"}],"wp:featuredmedia":[{"embeddable":true,"href":"https:\/\/lastenkamari.fi\/index.php?rest_route=\/wp\/v2\/media\/156"}],"wp:attachment":[{"href":"https:\/\/lastenkamari.fi\/index.php?rest_route=%2Fwp%2Fv2%2Fmedia&parent=155"}],"wp:term":[{"taxonomy":"product_brand","embeddable":true,"href":"https:\/\/lastenkamari.fi\/index.php?rest_route=%2Fwp%2Fv2%2Fproduct_brand&post=155"},{"taxonomy":"product_cat","embeddable":true,"href":"https:\/\/lastenkamari.fi\/index.php?rest_route=%2Fwp%2Fv2%2Fproduct_cat&post=155"},{"taxonomy":"product_tag","embeddable":true,"href":"https:\/\/lastenkamari.fi\/index.php?rest_route=%2Fwp%2Fv2%2Fproduct_tag&post=155"}],"curies":[{"name":"wp","href":"https:\/\/api.w.org\/{rel}","templated":true}]}}