{"id":175,"date":"2026-04-28T10:11:50","date_gmt":"2026-04-28T10:11:50","guid":{"rendered":"https:\/\/lastenkamari.fi\/?post_type=product&#038;p=175"},"modified":"2026-04-28T10:11:50","modified_gmt":"2026-04-28T10:11:50","slug":"cotton-knit-jumper-neulepaita-milky-xs-s","status":"publish","type":"product","link":"https:\/\/lastenkamari.fi\/?product=cotton-knit-jumper-neulepaita-milky-xs-s","title":{"rendered":"Cotton Knit Jumper -Neulepaita |  Milky &#8211; XS\/S"},"content":{"rendered":"<p>Cotton Knit Jumper -Neulepaita v\u00e4riss\u00e4 Milky on vaatekaapin luottoneule, jossa yhdistyy raikas s\u00e4vy ja arjen ylellisyys.<br \/>\nLuomupuuvillasta valmistettu neule on pehme\u00e4, hengitt\u00e4v\u00e4 ja vastuullinen valinta. Malli on hieman v\u00e4ljempi kuin edelliskauden vastaava neule, mik\u00e4 tekee siit\u00e4 entist\u00e4kin rennomman ja monik\u00e4ytt\u00f6isemm\u00e4n.<br \/>\nMilky on luonnonvalkoinen s\u00e4vy, joka tuo valoa asukokonaisuuksiin ja sopii t\u00e4ydellisesti yhdistelt\u00e4v\u00e4ksi muiden More Love -malliston v\u00e4rien kanssa.<br \/>\nMik\u00e4li et ole varma oikeasta koosta, suosittelemme katsomaan apua kokotaulukosta.<\/p>\n","protected":false},"excerpt":{"rendered":"<p>Cotton Knit Jumper -Neulepaita v\u00e4riss\u00e4 Milky on vaatekaapin luottoneule, jossa yhdistyy raikas s\u00e4vy ja arjen ylellisyys. Luomupuuvillasta valmistettu neule on pehme\u00e4, hengitt\u00e4v\u00e4 ja vastuullinen valinta. Malli on hieman v\u00e4ljempi kuin edelliskauden vastaava neule, mik\u00e4 tekee siit\u00e4 entist\u00e4kin rennomman ja monik\u00e4ytt\u00f6isemm\u00e4n. Milky on luonnonvalkoinen s\u00e4vy, joka tuo valoa asukokonaisuuksiin ja sopii [&hellip;]<\/p>\n","protected":false},"featured_media":176,"comment_status":"open","ping_status":"closed","template":"","meta":[],"product_brand":[29],"product_cat":[25],"product_tag":[26],"class_list":{"0":"post-175","1":"product","2":"type-product","3":"status-publish","4":"has-post-thumbnail","6":"product_brand-more-love","7":"product_cat-aikuisten-vaatteet","8":"product_tag-metsola","10":"first","11":"instock","12":"shipping-taxable","13":"product-type-external"},"_links":{"self":[{"href":"https:\/\/lastenkamari.fi\/index.php?rest_route=\/wp\/v2\/product\/175","targetHints":{"allow":["GET"]}}],"collection":[{"href":"https:\/\/lastenkamari.fi\/index.php?rest_route=\/wp\/v2\/product"}],"about":[{"href":"https:\/\/lastenkamari.fi\/index.php?rest_route=\/wp\/v2\/types\/product"}],"replies":[{"embeddable":true,"href":"https:\/\/lastenkamari.fi\/index.php?rest_route=%2Fwp%2Fv2%2Fcomments&post=175"}],"wp:featuredmedia":[{"embeddable":true,"href":"https:\/\/lastenkamari.fi\/index.php?rest_route=\/wp\/v2\/media\/176"}],"wp:attachment":[{"href":"https:\/\/lastenkamari.fi\/index.php?rest_route=%2Fwp%2Fv2%2Fmedia&parent=175"}],"wp:term":[{"taxonomy":"product_brand","embeddable":true,"href":"https:\/\/lastenkamari.fi\/index.php?rest_route=%2Fwp%2Fv2%2Fproduct_brand&post=175"},{"taxonomy":"product_cat","embeddable":true,"href":"https:\/\/lastenkamari.fi\/index.php?rest_route=%2Fwp%2Fv2%2Fproduct_cat&post=175"},{"taxonomy":"product_tag","embeddable":true,"href":"https:\/\/lastenkamari.fi\/index.php?rest_route=%2Fwp%2Fv2%2Fproduct_tag&post=175"}],"curies":[{"name":"wp","href":"https:\/\/api.w.org\/{rel}","templated":true}]}}