{"id":47,"date":"2026-04-28T10:11:06","date_gmt":"2026-04-28T10:11:06","guid":{"rendered":"https:\/\/lastenkamari.fi\/?post_type=product&#038;p=47"},"modified":"2026-04-28T10:11:06","modified_gmt":"2026-04-28T10:11:06","slug":"pleated-skirt-hame-licorice-xs","status":"publish","type":"product","link":"https:\/\/lastenkamari.fi\/?product=pleated-skirt-hame-licorice-xs","title":{"rendered":"Pleated Skirt -Hame | Licorice &#8211; XS"},"content":{"rendered":"<p>Pleated Skirt -Hame on ajattoman tyylik\u00e4s luottovaate, joka toimii sesongista toiseen. Kevyesti laskeutuva viskoosi tuo helmaan kaunista volyymia ja pehmeit\u00e4 laskoksia, jotka liikkuvat elegantisti askeleen mukana. Kankaan pinta on hieman strukturoitu, joka tuo midimittaiseen hameeseen eloa ja helppohoitoisuutta. Klassinen musta Licorice-s\u00e4vy tekee hameesta monik\u00e4ytt\u00f6isen ja helposti yhdistelt\u00e4v\u00e4n eri tyyleihin.<br \/>\nK\u00e4yt\u00e4nn\u00f6lliset taskut molemmilla puolilla lis\u00e4\u00e4v\u00e4t mukavuutta ja tekev\u00e4t hameesta arjessa toimivan valinnan. Hame on helppo stailata rennosti neuleen kanssa tai viimeistell\u00e4 juhlavammaksi n\u00e4ytt\u00e4v\u00e4ll\u00e4 yl\u00e4osalla.<br \/>\nMik\u00e4li et ole varma oikeasta koosta, suosittelemme katsomaan apua kokotaulukosta.<\/p>\n","protected":false},"excerpt":{"rendered":"<p>Pleated Skirt -Hame on ajattoman tyylik\u00e4s luottovaate, joka toimii sesongista toiseen. Kevyesti laskeutuva viskoosi tuo helmaan kaunista volyymia ja pehmeit\u00e4 laskoksia, jotka liikkuvat elegantisti askeleen mukana. Kankaan pinta on hieman strukturoitu, joka tuo midimittaiseen hameeseen eloa ja helppohoitoisuutta. Klassinen musta Licorice-s\u00e4vy tekee hameesta monik\u00e4ytt\u00f6isen ja helposti yhdistelt\u00e4v\u00e4n eri tyyleihin. K\u00e4yt\u00e4nn\u00f6lliset [&hellip;]<\/p>\n","protected":false},"featured_media":48,"comment_status":"open","ping_status":"closed","template":"","meta":[],"product_brand":[29],"product_cat":[25],"product_tag":[26],"class_list":{"0":"post-47","1":"product","2":"type-product","3":"status-publish","4":"has-post-thumbnail","6":"product_brand-more-love","7":"product_cat-aikuisten-vaatteet","8":"product_tag-metsola","10":"first","11":"instock","12":"shipping-taxable","13":"product-type-external"},"_links":{"self":[{"href":"https:\/\/lastenkamari.fi\/index.php?rest_route=\/wp\/v2\/product\/47","targetHints":{"allow":["GET"]}}],"collection":[{"href":"https:\/\/lastenkamari.fi\/index.php?rest_route=\/wp\/v2\/product"}],"about":[{"href":"https:\/\/lastenkamari.fi\/index.php?rest_route=\/wp\/v2\/types\/product"}],"replies":[{"embeddable":true,"href":"https:\/\/lastenkamari.fi\/index.php?rest_route=%2Fwp%2Fv2%2Fcomments&post=47"}],"wp:featuredmedia":[{"embeddable":true,"href":"https:\/\/lastenkamari.fi\/index.php?rest_route=\/wp\/v2\/media\/48"}],"wp:attachment":[{"href":"https:\/\/lastenkamari.fi\/index.php?rest_route=%2Fwp%2Fv2%2Fmedia&parent=47"}],"wp:term":[{"taxonomy":"product_brand","embeddable":true,"href":"https:\/\/lastenkamari.fi\/index.php?rest_route=%2Fwp%2Fv2%2Fproduct_brand&post=47"},{"taxonomy":"product_cat","embeddable":true,"href":"https:\/\/lastenkamari.fi\/index.php?rest_route=%2Fwp%2Fv2%2Fproduct_cat&post=47"},{"taxonomy":"product_tag","embeddable":true,"href":"https:\/\/lastenkamari.fi\/index.php?rest_route=%2Fwp%2Fv2%2Fproduct_tag&post=47"}],"curies":[{"name":"wp","href":"https:\/\/api.w.org\/{rel}","templated":true}]}}