{"id":71,"date":"2026-04-28T10:11:15","date_gmt":"2026-04-28T10:11:15","guid":{"rendered":"https:\/\/lastenkamari.fi\/?post_type=product&#038;p=71"},"modified":"2026-04-28T10:11:16","modified_gmt":"2026-04-28T10:11:16","slug":"mohair-tube-tuubihuivi-licorice-os","status":"publish","type":"product","link":"https:\/\/lastenkamari.fi\/?product=mohair-tube-tuubihuivi-licorice-os","title":{"rendered":"Mohair Tube -Tuubihuivi | Licorice &#8211; OS"},"content":{"rendered":"<p>Secret Places -mallisto on osa Metsola Woman -kokonaisuutta \u2764\ufe0e Malliston v\u00e4rimaailma on saanut inspiraation alkusyksyn usvaisesta maisemasta, jossa vanha tehdasmilj\u00f6\u00f6 ja villit kukkaniityt muodostavat yhdess\u00e4 herk\u00e4n v\u00e4ripaletin.<br \/>\nKotimainen ja korkealaatuinen mohair huivi l\u00e4mmitt\u00e4\u00e4 ja suojaa. T\u00e4m\u00e4 laadukas mohair-tuubihuivi on valmistettu Suomessa Tuusulassa ja siin\u00e4 yhdistyy ylellinen mohair sek\u00e4 verraton merinovilla! Mustaan tuubihuiviin on yhdistett\u00e4viss\u00e4 my\u00f6s musta mohair pipo.<\/p>\n","protected":false},"excerpt":{"rendered":"<p>Secret Places -mallisto on osa Metsola Woman -kokonaisuutta \u2764\ufe0e Malliston v\u00e4rimaailma on saanut inspiraation alkusyksyn usvaisesta maisemasta, jossa vanha tehdasmilj\u00f6\u00f6 ja villit kukkaniityt muodostavat yhdess\u00e4 herk\u00e4n v\u00e4ripaletin. Kotimainen ja korkealaatuinen mohair huivi l\u00e4mmitt\u00e4\u00e4 ja suojaa. T\u00e4m\u00e4 laadukas mohair-tuubihuivi on valmistettu Suomessa Tuusulassa ja siin\u00e4 yhdistyy ylellinen mohair sek\u00e4 verraton merinovilla! [&hellip;]<\/p>\n","protected":false},"featured_media":72,"comment_status":"open","ping_status":"closed","template":"","meta":[],"product_brand":[32],"product_cat":[25],"product_tag":[26],"class_list":{"0":"post-71","1":"product","2":"type-product","3":"status-publish","4":"has-post-thumbnail","6":"product_brand-secret-places","7":"product_cat-aikuisten-vaatteet","8":"product_tag-metsola","10":"first","11":"instock","12":"shipping-taxable","13":"product-type-external"},"_links":{"self":[{"href":"https:\/\/lastenkamari.fi\/index.php?rest_route=\/wp\/v2\/product\/71","targetHints":{"allow":["GET"]}}],"collection":[{"href":"https:\/\/lastenkamari.fi\/index.php?rest_route=\/wp\/v2\/product"}],"about":[{"href":"https:\/\/lastenkamari.fi\/index.php?rest_route=\/wp\/v2\/types\/product"}],"replies":[{"embeddable":true,"href":"https:\/\/lastenkamari.fi\/index.php?rest_route=%2Fwp%2Fv2%2Fcomments&post=71"}],"wp:featuredmedia":[{"embeddable":true,"href":"https:\/\/lastenkamari.fi\/index.php?rest_route=\/wp\/v2\/media\/72"}],"wp:attachment":[{"href":"https:\/\/lastenkamari.fi\/index.php?rest_route=%2Fwp%2Fv2%2Fmedia&parent=71"}],"wp:term":[{"taxonomy":"product_brand","embeddable":true,"href":"https:\/\/lastenkamari.fi\/index.php?rest_route=%2Fwp%2Fv2%2Fproduct_brand&post=71"},{"taxonomy":"product_cat","embeddable":true,"href":"https:\/\/lastenkamari.fi\/index.php?rest_route=%2Fwp%2Fv2%2Fproduct_cat&post=71"},{"taxonomy":"product_tag","embeddable":true,"href":"https:\/\/lastenkamari.fi\/index.php?rest_route=%2Fwp%2Fv2%2Fproduct_tag&post=71"}],"curies":[{"name":"wp","href":"https:\/\/api.w.org\/{rel}","templated":true}]}}