{"id":73,"date":"2026-04-28T10:11:16","date_gmt":"2026-04-28T10:11:16","guid":{"rendered":"https:\/\/lastenkamari.fi\/?post_type=product&#038;p=73"},"modified":"2026-04-28T10:11:16","modified_gmt":"2026-04-28T10:11:16","slug":"mohair-neck-warmer-villakauluri-licorice","status":"publish","type":"product","link":"https:\/\/lastenkamari.fi\/?product=mohair-neck-warmer-villakauluri-licorice","title":{"rendered":"Mohair Neck Warmer -Villakauluri | Licorice"},"content":{"rendered":"<p>Can&#8217;t stop dreaming -mallisto on saanut inspiraationsa unelmoinnin voimasta \u2013 siit\u00e4, kuinka t\u00e4rke\u00e4\u00e4 on uskaltaa haaveilla ja kulkea rohkeasti kohti omia unelmiaan. Se heijastaa haaveilun ihmeellist\u00e4 voimaa toteuttaa mahdottomaltakin tuntuvia asioita \u2764<br \/>\nMohair Neck Warmer s\u00e4vyss\u00e4 Licorice on ajattoman tyylik\u00e4s ja ylellisen l\u00e4mmin kauluri, joka on suunniteltu suojaamaan viimalta tyylikk\u00e4\u00e4sti. Suomessa, Tuusulassa valmistettu kauluri on neulottu mohairin ja merinovillan sekoitteesta \u2013 yhdistelm\u00e4, joka tekee siit\u00e4 kevyen, hengitt\u00e4v\u00e4n ja samalla erinomaisesti l\u00e4mmitt\u00e4v\u00e4n.<br \/>\nMuhkea rib-neulos ja hyvin istuva malli tarjoavat suojaa sek\u00e4 kaulalle ett\u00e4 yl\u00e4vartalolle, ja helppo pukea vaikka takin tai neuleen alle. Syv\u00e4n tumma Licorice on s\u00e4vy, joka tuo ryhti\u00e4 pukeutumiseen ja sopii saumattomasti yhteen sek\u00e4 klassisten ett\u00e4 kirkkaampien s\u00e4vyjen kanssa. Yhdist\u00e4 saman s\u00e4vyiseen Mohair Beanie -pipoon tai k\u00e4yt\u00e4 kontrastina vaaleammille s\u00e4vyille.<br \/>\nMohair Neck Warmer Licorice on kauluri, johon voi luottaa \u2013 kotimainen, huolella valmistettu ja viimeistellyn n\u00e4k\u00f6inen asuste talven kaikkiin hetkiin.<\/p>\n","protected":false},"excerpt":{"rendered":"<p>Can&#8217;t stop dreaming -mallisto on saanut inspiraationsa unelmoinnin voimasta \u2013 siit\u00e4, kuinka t\u00e4rke\u00e4\u00e4 on uskaltaa haaveilla ja kulkea rohkeasti kohti omia unelmiaan. Se heijastaa haaveilun ihmeellist\u00e4 voimaa toteuttaa mahdottomaltakin tuntuvia asioita \u2764 Mohair Neck Warmer s\u00e4vyss\u00e4 Licorice on ajattoman tyylik\u00e4s ja ylellisen l\u00e4mmin kauluri, joka on suunniteltu suojaamaan viimalta tyylikk\u00e4\u00e4sti. [&hellip;]<\/p>\n","protected":false},"featured_media":74,"comment_status":"open","ping_status":"closed","template":"","meta":[],"product_brand":[31],"product_cat":[25],"product_tag":[26],"class_list":{"0":"post-73","1":"product","2":"type-product","3":"status-publish","4":"has-post-thumbnail","6":"product_brand-cant-stop-dreaming","7":"product_cat-aikuisten-vaatteet","8":"product_tag-metsola","10":"first","11":"instock","12":"shipping-taxable","13":"product-type-external"},"_links":{"self":[{"href":"https:\/\/lastenkamari.fi\/index.php?rest_route=\/wp\/v2\/product\/73","targetHints":{"allow":["GET"]}}],"collection":[{"href":"https:\/\/lastenkamari.fi\/index.php?rest_route=\/wp\/v2\/product"}],"about":[{"href":"https:\/\/lastenkamari.fi\/index.php?rest_route=\/wp\/v2\/types\/product"}],"replies":[{"embeddable":true,"href":"https:\/\/lastenkamari.fi\/index.php?rest_route=%2Fwp%2Fv2%2Fcomments&post=73"}],"wp:featuredmedia":[{"embeddable":true,"href":"https:\/\/lastenkamari.fi\/index.php?rest_route=\/wp\/v2\/media\/74"}],"wp:attachment":[{"href":"https:\/\/lastenkamari.fi\/index.php?rest_route=%2Fwp%2Fv2%2Fmedia&parent=73"}],"wp:term":[{"taxonomy":"product_brand","embeddable":true,"href":"https:\/\/lastenkamari.fi\/index.php?rest_route=%2Fwp%2Fv2%2Fproduct_brand&post=73"},{"taxonomy":"product_cat","embeddable":true,"href":"https:\/\/lastenkamari.fi\/index.php?rest_route=%2Fwp%2Fv2%2Fproduct_cat&post=73"},{"taxonomy":"product_tag","embeddable":true,"href":"https:\/\/lastenkamari.fi\/index.php?rest_route=%2Fwp%2Fv2%2Fproduct_tag&post=73"}],"curies":[{"name":"wp","href":"https:\/\/api.w.org\/{rel}","templated":true}]}}