{"id":893,"date":"2026-04-28T10:15:49","date_gmt":"2026-04-28T10:15:49","guid":{"rendered":"https:\/\/lastenkamari.fi\/?post_type=product&#038;p=893"},"modified":"2026-04-28T10:15:49","modified_gmt":"2026-04-28T10:15:49","slug":"rib-frilla-mekko-poppy-62-68","status":"publish","type":"product","link":"https:\/\/lastenkamari.fi\/?product=rib-frilla-mekko-poppy-62-68","title":{"rendered":"Rib Frilla -Mekko | Poppy &#8211; 62\/68"},"content":{"rendered":"<p>Rib Frilla -Mekko v\u00e4riss\u00e4 Poppy on suloinen ja monik\u00e4ytt\u00f6inen lasten rib-mekko, joka sopii t\u00e4ydellisesti niin juhlap\u00e4iviin kuin arkeen. Mekko on valmistettu pehme\u00e4st\u00e4 luomupuuvilla ribist\u00e4, ja siin\u00e4 on pitk\u00e4t hihat, kauniisti laskeutuva helma ja suloiset frillayksityiskohdat olkap\u00e4ill\u00e4.<br \/>\nPoppy-s\u00e4vy on iloinen ja l\u00e4mmin punainen, joka tuo joulun tunnelman esiin vaivattomasti. T\u00e4m\u00e4 mekko on osa Under the Same Moon -mallistoa.<br \/>\nMik\u00e4li et ole varma oikeasta koosta, suosittelemme katsomaan apua kokotaulukosta.<\/p>\n","protected":false},"excerpt":{"rendered":"<p>Rib Frilla -Mekko v\u00e4riss\u00e4 Poppy on suloinen ja monik\u00e4ytt\u00f6inen lasten rib-mekko, joka sopii t\u00e4ydellisesti niin juhlap\u00e4iviin kuin arkeen. Mekko on valmistettu pehme\u00e4st\u00e4 luomupuuvilla ribist\u00e4, ja siin\u00e4 on pitk\u00e4t hihat, kauniisti laskeutuva helma ja suloiset frillayksityiskohdat olkap\u00e4ill\u00e4. Poppy-s\u00e4vy on iloinen ja l\u00e4mmin punainen, joka tuo joulun tunnelman esiin vaivattomasti. T\u00e4m\u00e4 mekko [&hellip;]<\/p>\n","protected":false},"featured_media":894,"comment_status":"open","ping_status":"closed","template":"","meta":[],"product_brand":[45],"product_cat":[40],"product_tag":[26],"class_list":{"0":"post-893","1":"product","2":"type-product","3":"status-publish","4":"has-post-thumbnail","6":"product_brand-under-the-same-moon","7":"product_cat-lastenvaatteet","8":"product_tag-metsola","10":"first","11":"instock","12":"shipping-taxable","13":"product-type-external"},"_links":{"self":[{"href":"https:\/\/lastenkamari.fi\/index.php?rest_route=\/wp\/v2\/product\/893","targetHints":{"allow":["GET"]}}],"collection":[{"href":"https:\/\/lastenkamari.fi\/index.php?rest_route=\/wp\/v2\/product"}],"about":[{"href":"https:\/\/lastenkamari.fi\/index.php?rest_route=\/wp\/v2\/types\/product"}],"replies":[{"embeddable":true,"href":"https:\/\/lastenkamari.fi\/index.php?rest_route=%2Fwp%2Fv2%2Fcomments&post=893"}],"wp:featuredmedia":[{"embeddable":true,"href":"https:\/\/lastenkamari.fi\/index.php?rest_route=\/wp\/v2\/media\/894"}],"wp:attachment":[{"href":"https:\/\/lastenkamari.fi\/index.php?rest_route=%2Fwp%2Fv2%2Fmedia&parent=893"}],"wp:term":[{"taxonomy":"product_brand","embeddable":true,"href":"https:\/\/lastenkamari.fi\/index.php?rest_route=%2Fwp%2Fv2%2Fproduct_brand&post=893"},{"taxonomy":"product_cat","embeddable":true,"href":"https:\/\/lastenkamari.fi\/index.php?rest_route=%2Fwp%2Fv2%2Fproduct_cat&post=893"},{"taxonomy":"product_tag","embeddable":true,"href":"https:\/\/lastenkamari.fi\/index.php?rest_route=%2Fwp%2Fv2%2Fproduct_tag&post=893"}],"curies":[{"name":"wp","href":"https:\/\/api.w.org\/{rel}","templated":true}]}}