{"id":919,"date":"2026-04-28T10:15:56","date_gmt":"2026-04-28T10:15:56","guid":{"rendered":"https:\/\/lastenkamari.fi\/?post_type=product&#038;p=919"},"modified":"2026-04-28T10:15:57","modified_gmt":"2026-04-28T10:15:57","slug":"tiered-dress-mekko-soft-green-74-80","status":"publish","type":"product","link":"https:\/\/lastenkamari.fi\/?product=tiered-dress-mekko-soft-green-74-80","title":{"rendered":"Tiered Dress -Mekko | Soft Green &#8211; 74\/80"},"content":{"rendered":"<p>Tiered Dress -Mekko v\u00e4riss\u00e4 Soft Green on ihastuttava lasten mekko, jossa kevyt siluetti ja romanttinen pitsineulos luovat herk\u00e4n ja leikkis\u00e4n ilmeen. Mekossa on lyhyet hihat sek\u00e4 runsas kerrostettu helma, joka liikkuu kauniisti leikeiss\u00e4 ja py\u00f6r\u00e4hdyksiss\u00e4. Soft Green on hele\u00e4 sagenvihre\u00e4 s\u00e4vy, joka tuo asuun raikkaan kev\u00e4isen tunnelman.<br \/>\nMekko kuuluu Metsolan Weekend Vibes -mallistoon, joka on t\u00e4ynn\u00e4 aurinkoisia p\u00e4ivi\u00e4, valoisia aamuja ja huolettomia leikkihetki\u00e4. Pehme\u00e4 luomupuuvillainen pitsineulos tuntuu mukavalta p\u00e4\u00e4ll\u00e4 ja tekee mekosta t\u00e4ydellisen valinnan niin arkeen kuin juhlaan.<br \/>\nSamasta materiaalista l\u00f6ytyy my\u00f6s yhteensopiva naisten mekko, joten t\u00e4m\u00e4 mekko sopii t\u00e4ydellisesti \u00e4idin ja lapsen suloiseen samisteluun. Mekosta on saatavilla koot 146\/152 saakka!<br \/>\nMik\u00e4li et ole varma oikeasta koosta, suosittelemme katsomaan apua kokotaulukosta.<\/p>\n","protected":false},"excerpt":{"rendered":"<p>Tiered Dress -Mekko v\u00e4riss\u00e4 Soft Green on ihastuttava lasten mekko, jossa kevyt siluetti ja romanttinen pitsineulos luovat herk\u00e4n ja leikkis\u00e4n ilmeen. Mekossa on lyhyet hihat sek\u00e4 runsas kerrostettu helma, joka liikkuu kauniisti leikeiss\u00e4 ja py\u00f6r\u00e4hdyksiss\u00e4. Soft Green on hele\u00e4 sagenvihre\u00e4 s\u00e4vy, joka tuo asuun raikkaan kev\u00e4isen tunnelman. Mekko kuuluu Metsolan [&hellip;]<\/p>\n","protected":false},"featured_media":920,"comment_status":"open","ping_status":"closed","template":"","meta":[],"product_brand":[35],"product_cat":[40],"product_tag":[26],"class_list":{"0":"post-919","1":"product","2":"type-product","3":"status-publish","4":"has-post-thumbnail","6":"product_brand-weekend-vibes","7":"product_cat-lastenvaatteet","8":"product_tag-metsola","10":"first","11":"instock","12":"shipping-taxable","13":"product-type-external"},"_links":{"self":[{"href":"https:\/\/lastenkamari.fi\/index.php?rest_route=\/wp\/v2\/product\/919","targetHints":{"allow":["GET"]}}],"collection":[{"href":"https:\/\/lastenkamari.fi\/index.php?rest_route=\/wp\/v2\/product"}],"about":[{"href":"https:\/\/lastenkamari.fi\/index.php?rest_route=\/wp\/v2\/types\/product"}],"replies":[{"embeddable":true,"href":"https:\/\/lastenkamari.fi\/index.php?rest_route=%2Fwp%2Fv2%2Fcomments&post=919"}],"wp:featuredmedia":[{"embeddable":true,"href":"https:\/\/lastenkamari.fi\/index.php?rest_route=\/wp\/v2\/media\/920"}],"wp:attachment":[{"href":"https:\/\/lastenkamari.fi\/index.php?rest_route=%2Fwp%2Fv2%2Fmedia&parent=919"}],"wp:term":[{"taxonomy":"product_brand","embeddable":true,"href":"https:\/\/lastenkamari.fi\/index.php?rest_route=%2Fwp%2Fv2%2Fproduct_brand&post=919"},{"taxonomy":"product_cat","embeddable":true,"href":"https:\/\/lastenkamari.fi\/index.php?rest_route=%2Fwp%2Fv2%2Fproduct_cat&post=919"},{"taxonomy":"product_tag","embeddable":true,"href":"https:\/\/lastenkamari.fi\/index.php?rest_route=%2Fwp%2Fv2%2Fproduct_tag&post=919"}],"curies":[{"name":"wp","href":"https:\/\/api.w.org\/{rel}","templated":true}]}}